Let x(i) = 90*i**2 - 124*i + 2050. What is the tens digit of x(16)?
0
Suppose g = 8 - 17. Let f(h) = -h - 4. Let t be f(g). Suppose 5*r = t*a - 620, a + 0*r = -r + 118. What is the tens digit of a?
2
Suppose 251266 + 375038 = 42*y. What is the hundreds digit of y?
9
Let m = 207 - 139. Let k(c) = -2*c**2 + 27*c - 21. Let g be k(12). Let x = m - g. What is the units digit of x?
3
Suppose 5*a + 108*y - 31149 = 107*y, -a - 2*y + 6228 = 0. What is the hundreds digit of a?
2
Suppose -4 = -v + f, 4*v + 40 = 7*v + 4*f. Suppose -5*k - 9*z + 1649 = -v*z, -2*k - 4*z + 674 = 0. What is the units digit of k?
9
What is the units digit of (-22884)/15*33/(-9 + 84/10)?
8
Let o be (-186)/(-45)*1 - 6/45. Suppose 0 = -o*n + 2*p + 94, -4*n + n = p - 78. Suppose 21*a + 356 = n*a. What is the units digit of a?
9
What is the hundreds digit of (-136105)/334*(-1)/(5/88)?
1
Let g = -72 + 78. Let p be 16/g + -2 + 8/6. Let x(m) = 14*m**2 + 3*m - 5. What is the units digit of x(p)?
7
Let b be (4/(-10))/1 + 1902/30. Let d = b + 82. What is the hundreds digit of d?
1
What is the hundreds digit of 5215 - ((-4)/(-3) + 80/120)?
2
Let m(w) be the third derivative of -w**6/120 - w**5/12 - w**4/8 + 23*w**3/2 - 55*w**2. What is the hundreds digit of m(-9)?
4
Suppose 3*w - 9*w - 114 = 0. Let v = -32 - w. Let x = 117 - v. What is the units digit of x?
0
What is the units digit of ((-12)/(-18))/((-118463)/(-16923) - 7)?
1
Let z be (-1)/2*(2594*1)/(-1). Suppose -15*i = -z - 1778. What is the tens digit of i?
0
Let g(v) be the first derivative of v**3 - 3*v**2 - 3*v - 12. Let t be g(3). Suppose -q + 1596 = t*q. What is the tens digit of q?
2
Let t(m) = -7*m**3 - 4*m**2 + 4*m - 36. Let r(p) = -14*p**3 - 6*p**2 + 10*p - 71. Let a(s) = -4*r(s) + 7*t(s). What is the hundreds digit of a(5)?
7
Let d = 67 + 90. Let k = d - 83. Let n = -64 + k. What is the units digit of n?
0
Let w(y) be the first derivative of y**4/4 + 2*y**3 + 3*y**2 - 4*y + 16. Let p be w(-4). Suppose -32 - 176 = -3*s + 4*t, t = -p. What is the tens digit of s?
6
Suppose -10*n - 3*d = -5*n - 65932, -4*d = -6*n + 79088. What is the tens digit of n?
8
Suppose 5*k - 3*d + 18 = -0, -4*k - 40 = 4*d. Let b be 1/2*(k - -8). What is the units digit of -1 - ((-18)/(-45))/(b/(-160))?
3
Let y be 63/(-2)*(-100)/15. What is the tens digit of y - (2 + -2 - -1)?
0
Let w be (12/16)/((-2)/(-56)). Let l = w + -25. What is the units digit of (2 - 14)*3/l?
9
Suppose -6*l + 16 = 4. Let j(v) = 32*v**2 - 4*v + 4. Let b be j(l). What is the tens digit of -2*(b/(-16) - 6/8)?
1
Suppose 17*g = 3*x + 15*g - 17, 0 = 4*g + 16. Suppose 6*k = -x*k + 1683. What is the units digit of k?
7
Let y be -6 + 106/18 + (-4034)/(-18). Let a = y - 18. What is the units digit of a?
6
Suppose -2*h - 5*m + 1616 = 0, -8*h - 3*m - 4009 = -13*h. What is the tens digit of h?
0
Let s(o) be the second derivative of o**3/6 + 13*o**2/2 - 3*o. Let g be s(-15). Let q = g - -22. What is the tens digit of q?
2
Let k(a) be the third derivative of -17*a**7/2520 - a**6/180 + a**5/60 + 22*a**2. Let q(v) be the third derivative of k(v). What is the tens digit of q(-3)?
9
Let o(s) = 7 + 2 + s**3 + 11*s**2 - 4 + 5*s + 0*s**3. Let u be o(-10). What is the units digit of (10 - u)*(-16)/6 + -1?
9
Let l be (-1)/((-14)/(-60)) - 4/(-14). Let b be (-3)/(-4)*l/(-1). Suppose -v + 421 = 3*j + j, 0 = -4*j - b*v + 415. What is the tens digit of j?
0
Let f(k) = -k + 13. Let u be f(6). Suppose -4*n = u - 23. Suppose n*j + 4*j - 536 = 0. What is the tens digit of j?
6
Let d = -55 + 60. Suppose -2*j + 2*x + 32 = 3*x, 3*j - d*x - 22 = 0. Let l(z) = -z**3 + 13*z**2 + 30*z - 9. What is the units digit of l(j)?
5
Suppose 284772 = 5*h - x, -x = -3*h + 246461 - 75599. What is the hundreds digit of h?
9
Let v(z) = z**3 - 4*z**2 - 4*z + 7. Suppose 0 = 3*j - 22 + 7. Suppose -5*y = p + 4*p - 60, j*y - 36 = -2*p. What is the tens digit of v(p)?
3
Suppose 0 = 39*r - 35112 - 23271. Suppose 7*t - 1373 - r = 0. What is the tens digit of t?
1
Suppose -3*w - 5807 = -7*w - 3*s, -2*s + 4356 = 3*w. What is the units digit of w?
4
Suppose -5*n + 5*t + 40 = -0*n, -2*t - 24 = -4*n. Let s be -2*((-50)/n)/(-1). Let l = 5 - s. What is the units digit of l?
0
Suppose -3*j - 729 = 78*z - 77*z, 3*j + 729 = -2*z. Let o be ((-121)/3)/(1/3). Let x = o - j. What is the hundreds digit of x?
1
What is the tens digit of (-56)/560 + (-20881)/(-10)?
8
Let s(o) = 89*o + 5. Suppose h + 5*u = 3*u + 10, 4*h - 4*u = 4. Let j be s(h). Let t = j + -231. What is the units digit of t?
0
Let i(t) = t**3 + 23*t**2 + 17*t + 4. Let w be i(-21). Let m = 1173 - w. What is the units digit of m?
4
Let y = -59 - -15. Let q = -42 - y. What is the hundreds digit of (-2 - -2)/q + 150 + 1?
1
Let a(v) = -v**2 + 23*v - 18. Let z be a(22). Suppose 995 - 271 = -z*g. Let q = -109 - g. What is the tens digit of q?
7
Suppose -7*t - 3*m + 15 = -4*t, -5*t = m - 25. Let j be t - 496/10 - 2/5. Let a = j - -48. What is the units digit of a?
3
Let w(y) be the third derivative of -11/60*y**5 + 0*y + 1/3*y**4 + 5/2*y**3 - 29*y**2 - 1/120*y**6 + 0. What is the tens digit of w(-12)?
6
Let x(t) be the third derivative of -t**6/120 - t**5/10 + t**4/3 + 29*t**3/6 - 20*t**2. What is the units digit of x(-11)?
6
What is the units digit of (20/12)/((-3)/(-1233) - 0)?
5
Let c = -3757 + 15034. What is the tens digit of c?
7
What is the hundreds digit of 5*(2 + -1)*1806 - (-2 - 1)?
0
Let q(g) = g**2 + 5*g - 14. Let t(n) = 4*n**2 + 20*n - 56. Let d(v) = 9*q(v) - 2*t(v). What is the units digit of d(9)?
2
Let l = 93801 - 65984. What is the units digit of l?
7
Suppose 5*m = -5*h - 2380, -2*h - 4*m + 451 = -3*h. Let t = h + 500. What is the units digit of t?
9
Suppose 4*g - 16451 = -5*v, -213*g = -216*g + v + 12343. What is the tens digit of g?
1
Suppose -7*b - 7509 = -1083. Let c = b - -1943. What is the hundreds digit of c?
0
Suppose 0 = -5*u - 8 + 3, -2*q - 4*u + 4 = 0. Suppose -127 = -6*z + q*z - h, 2*z - 139 = 3*h. What is the units digit of z?
5
Let m be ((-21840)/36)/(2/(-99)). Suppose 43*l = 22*l + m. What is the tens digit of l?
3
Suppose 0 = -5*a + 28 + 27. Suppose -10*p + a + 9 = 0. Suppose -p*u = -3*u + 123. What is the hundreds digit of u?
1
Let l = -34 - 5. Let i = l + 39. Suppose i = 12*v - 7*v - 360. What is the units digit of v?
2
Suppose -70266 = -4*z - r, -3*r - 12984 = -5*z + 74857. What is the tens digit of z?
6
Suppose -363*w + 74222 + 50608 = -268*w. What is the tens digit of w?
1
Let u be -2*4/(8/419). Let f = u + 916. What is the units digit of f?
7
Suppose 0 = -9*t + 3*v + 9647 - 4013, 1869 = 3*t - 4*v. What is the hundreds digit of t?
6
Suppose 61*i = 51*i + 3350. Suppose 0 = u - i - 346. What is the units digit of u?
1
Let h be 63/(-2)*(42 + -24). Let v = h + 1212. What is the units digit of v?
5
Let t = -1173 + 703. Let s = -325 - t. What is the units digit of s?
5
Let n be (-656)/(-3) + (5 - 2)/9. Let m = n - 145. Suppose m = 10*i - 496. What is the tens digit of i?
5
Suppose 15*n + 0*n + 268508 = 1327868. What is the ten thousands digit of n?
7
Let x(a) = 5*a**2 + 37*a - 80. Let z be x(39). Suppose 3856 + z = 14*q. What is the units digit of q?
6
Suppose 4*n - 481 = -97. Suppose -n = -50*d + 47*d. Let p = d - -21. What is the units digit of p?
3
Let n(v) = 1234*v + 865. What is the hundreds digit of n(7)?
5
Suppose 24683 = -23*i + 196401. What is the tens digit of i?
6
Suppose 17*p - 48 = 13*p. Let c(u) = p*u**2 + 8 + 15*u - u**3 + 10*u - 31*u. What is the tens digit of c(10)?
4
Let j(u) = -24 - 35*u - 5*u**2 + 25*u + 26 - 15*u**3. What is the units digit of j(-4)?
2
Suppose 379*k - 723441 = 308576. What is the units digit of k?
3
Let f = -164 + 168. Suppose f*x + 391 = 5*b, 2*x = -3*b + 4*x + 235. What is the tens digit of b?
7
Let f be 8 + -10 + 2 - (-1 + 7). Let s(l) = -2*l**3 - 4*l**2 + 2*l - 9. What is the hundreds digit of s(f)?
2
Suppose -b = 4*t - 19, 3*b + 5 = 14. Suppose 0 = -h + t*h + 5*w - 2950, -4*w + 8 = 0. What is the units digit of h?
0
Let w(x) = 2*x**2 + 11*x - 9. Let n be w(-9). Let r be ((-12)/(-42) - (-5265)/70)*2. Let t = r - n. What is the units digit of t?
7
Suppose 0 = -5*q - 9*g + 14*g + 140780, 140822 = 5*q + 2*g. What is the ten thousands digit of q?
2
Let k be (-75)/(-9 - -4) + -3. Let m be 5470/k - 2/(-12). Suppose -132 + m = 4*